1
List the prime factors of 469096.
2, 191, 307
List the prime factors of 8480937.
3, 2826979
List the prime factors of 16598485.
5, 31, 173, 619
List the prime factors of 6142441.
6142441
List the prime factors of 6356176.
2, 601, 661
List the prime factors of 646543.
646543
What are the prime factors of 66676?
2, 79, 211
What are the prime factors of 2255993?
661, 3413
What are the prime factors of 5783307?
3, 53, 36373
What are the prime factors of 6581624?
2, 7, 117529
List the prime factors of 166959.
3, 13, 1427
What are the prime factors of 1367734?
2, 19, 35993
List the prime factors of 34665022.
2, 7, 2476073
List the prime factors of 866077.
19, 79, 577
List the prime factors of 86305.
5, 41, 421
List the prime factors of 1440575.
5, 29, 1987
List the prime factors of 171881.
171881
What are the prime factors of 41203747?
13, 3169519
What are the prime factors of 157402?
2, 7, 11243
List the prime factors of 354435.
3, 5, 23629
What are the prime factors of 1631981?
13, 47, 2671
What are the prime factors of 242922?
2, 3, 40487
What are the prime factors of 2156053?
2156053
List the prime factors of 3854571.
3, 7, 31, 191
List the prime factors of 1437863.
7, 19, 569
List the prime factors of 242870.
2, 5, 149, 163
List the prime factors of 266722.
2, 19, 7019
List the prime factors of 5711880.
2, 3, 5, 47599
List the prime factors of 222531.
3, 74177
What are the prime factors of 8698361?
7, 1242623
List the prime factors of 10667286.
2, 3, 7, 31, 2731
List the prime factors of 3459325.
5, 138373
List the prime factors of 76992.
2, 3, 401
What are the prime factors of 206901?
3, 79, 97
List the prime factors of 13972929.
3, 17, 273979
List the prime factors of 18260727.
3, 107, 163, 349
What are the prime factors of 323885?
5, 211, 307
List the prime factors of 226836.
2, 3, 6301
List the prime factors of 616459.
616459
List the prime factors of 123598.
2, 29, 2131
What are the prime factors of 10068686?
2, 5034343
List the prime factors of 1567385.
5, 313477
What are the prime factors of 313454?
2, 156727
List the prime factors of 11817322.
2, 11, 521, 1031
List the prime factors of 745583.
59, 12637
What are the prime factors of 104180?
2, 5, 5209
List the prime factors of 251788.
2, 19, 3313
List the prime factors of 1048803.
3, 7, 49943
What are the prime factors of 5219024?
2, 326189
List the prime factors of 3169610.
2, 5, 316961
What are the prime factors of 903457?
903457
What are the prime factors of 1381947?
3, 7, 17, 79
What are the prime factors of 13198277?
29, 199, 2287
List the prime factors of 22487044.
2, 101, 55661
List the prime factors of 798096.
2, 3, 13, 1279
What are the prime factors of 2379141?
3, 264349
What are the prime factors of 1033829?
1033829
List the prime factors of 626176.
2, 1223
What are the prime factors of 20863733?
11, 67, 28309
List the prime factors of 8941270.
2, 5, 13, 109, 631
What are the prime factors of 89253?
3, 47, 211
What are the prime factors of 190683?
3, 21187
List the prime factors of 9746204.
2, 13, 23, 29, 281
What are the prime factors of 18005946?
2, 3, 7, 89, 4817
What are the prime factors of 1020717?
3, 23, 4931
What are the prime factors of 5796885?
3, 5, 223, 1733
What are the prime factors of 13085525?
5, 29, 18049
List the prime factors of 2977919.
7, 425417
List the prime factors of 3441091.
3441091
List the prime factors of 456362.
2, 228181
What are the prime factors of 1442798?
2, 7, 257, 401
List the prime factors of 754798.
2, 11, 3119
List the prime factors of 1753675.
5, 7, 11, 911
List the prime factors of 145673.
11, 17, 19, 41
What are the prime factors of 5902608?
2, 3, 122971
List the prime factors of 1152052.
2, 11, 26183
List the prime factors of 331963.
29, 11447
What are the prime factors of 159306?
2, 3, 7, 3793
List the prime factors of 117366.
2, 3, 31, 631
What are the prime factors of 9587726?
2, 4793863
What are the prime factors of 9155176?
2, 127, 9011
What are the prime factors of 460472?
2, 57559
List the prime factors of 431075.
5, 43, 401
List the prime factors of 58014.
2, 3, 11, 293
List the prime factors of 340950.
2, 3, 5, 2273
What are the prime factors of 3127665?
3, 5, 208511
What are the prime factors of 13782938?
2, 13, 47, 11279
What are the prime factors of 31581971?
17, 19, 97777
What are the prime factors of 1390893?
3, 7, 107, 619
List the prime factors of 10137088.
2, 13, 1523
List the prime factors of 590386.
2, 163, 1811
What are the prime factors of 15772698?
2, 3, 19, 15373
What are the prime factors of 3576025?
5, 313, 457
What are the prime factors of 5184794?
2, 29, 89393
List the prime factors of 330366.
2, 3, 55061
List the prime factors of 169102.
2, 84551
List the prime factors of 230935.
5, 46187
List the prime factors of 8703617.
13, 277, 2417
List the prime factors of 364338.
2, 3, 13, 173
What are the prime factors of 171761?
171761
List the prime factors of 16706846.
2, 13, 199, 3229
What are the prime factors of 20834563?
173, 120431
List the prime factors of 2875488.
2, 3, 7, 11, 389
What are the prime factors of 2477151?
3, 29, 9491
What are the prime factors of 2049595?
5, 43, 9533
List the prime factors of 13319711.
41, 324871
What are the prime factors of 10556000?
2, 5, 7, 13, 29
List the prime factors of 836306.
2, 271, 1543
List the prime factors of 19085832.
2, 3, 17, 31, 503
What are the prime factors of 74236?
2, 67, 277
What are the prime factors of 5972753?
29, 205957
What are the prime factors of 3204310?
2, 5, 320431
What are the prime factors of 333837?
3, 7, 757
What are the prime factors of 155203?
155203
List the prime factors of 570671.
570671
List the prime factors of 214545.
3, 5, 14303
List the prime factors of 530428.
2, 132607
What are the prime factors of 3581475?
3, 5, 17, 53
List the prime factors of 239293.
271, 883
What are the prime factors of 1040235?
3, 5, 7, 9907
What are the prime factors of 169266?
2, 3, 28211
What are the prime factors of 39605?
5, 89
What are the prime factors of 1370187?
3, 7, 13, 239
List the prime factors of 827567.
13, 63659
What are the prime factors of 8863337?
7, 1266191
What are the prime factors of 1421770?
2, 5, 7, 19, 1069
List the prime factors of 8585830.
2, 5, 11, 89, 877
What are the prime factors of 12358566?
2, 3, 11, 62417
What are the prime factors of 1214841?
3, 19, 21313
List the prime factors of 1832015.
5, 43, 8521
List the prime factors of 5769931.
701, 8231
List the prime factors of 1311582.
2, 3, 47, 4651
List the prime factors of 369715.
5, 73943
What are the prime factors of 13016643?
3, 23, 71, 2657
List the prime factors of 3293779.
179, 18401
What are the prime factors of 172030?
2, 5, 17203
List the prime factors of 2936767.
17, 172751
What are the prime factors of 2687103?
3, 293, 1019
What are the prime factors of 465840?
2, 3, 5, 647
List the prime factors of 96837.
3, 13, 191
What are the prime factors of 20210?
2, 5, 43, 47
List the prime factors of 99668.
2, 24917
What are the prime factors of 126018?
2, 3, 7001
What are the prime factors of 6768?
2, 3, 47
What are the prime factors of 10723577?
10723577
What are the prime factors of 50901?
3, 19, 47
List the prime factors of 155883.
3, 7, 13, 571
What are the prime factors of 16373841?
3, 11, 43, 1049
List the prime factors of 39224.
2, 4903
What are the prime factors of 6078971?
79, 76949
List the prime factors of 4353330.
2, 3, 5, 31, 151
List the prime factors of 36871783.
13, 23, 127, 971
What are the prime factors of 56370?
2, 3, 5, 1879
List the prime factors of 1079800.
2, 5, 5399
List the prime factors of 322265.
5, 64453
List the prime factors of 49791.
3, 7, 2371
List the prime factors of 154699.
154699
List the prime factors of 251873.
23, 47, 233
What are the prime factors of 794827?
11, 19, 3803
What are the prime factors of 905760?
2, 3, 5, 17, 37
List the prime factors of 1229392.
2, 76837
What are the prime factors of 76331?
37, 2063
List the prime factors of 1914567.
3, 619, 1031
List the prime factors of 23334008.
2, 71, 41081
What are the prime factors of 10283077?
7, 37, 39703
What are the prime factors of 1370629?
13, 59, 1787
List the prime factors of 2582249.
17, 151897
List the prime factors of 479944.
2, 17, 3529
List the prime factor